{"id":32,"date":"2015-12-11T18:53:41","date_gmt":"2015-12-11T18:53:41","guid":{"rendered":"http:\/\/wp1.themexlab.com\/wp\/carshire\/?page_id=32"},"modified":"2019-02-21T03:22:59","modified_gmt":"2019-02-21T00:22:59","slug":"services-style-one","status":"publish","type":"page","link":"https:\/\/www.durmusotomotiv.net\/index.php\/services-style-one\/","title":{"rendered":"H\u0130ZMETLER\u0130M\u0130Z"},"content":{"rendered":"<p>[vc_row][vc_column][vc_column_text]<\/p>\n<h3 style=\"text-align: center;\"><strong>Bak\u0131m \/ Onar\u0131m<\/strong><\/h3>\n<p>Her ara\u00e7 kullan\u0131m s\u00fcresi boyunca d\u00fczenli bak\u0131ma ihtiya\u00e7 duyar. D\u00fczenli bak\u0131m yapt\u0131rmak motorunuzun sorunsuz \u00e7al\u0131\u015fmas\u0131 ve yola keyifle devam<\/p>\n<p><img loading=\"lazy\" decoding=\"async\" class=\"size-medium wp-image-324 alignright\" src=\"https:\/\/www.durmusotomotiv.net\/wp-content\/uploads\/2019\/02\/Bakim_Onarim-1-300x190.jpg\" alt=\"\" width=\"300\" height=\"190\" srcset=\"https:\/\/www.durmusotomotiv.net\/wp-content\/uploads\/2019\/02\/Bakim_Onarim-1-300x190.jpg 300w, https:\/\/www.durmusotomotiv.net\/wp-content\/uploads\/2019\/02\/Bakim_Onarim-1-768x488.jpg 768w, https:\/\/www.durmusotomotiv.net\/wp-content\/uploads\/2019\/02\/Bakim_Onarim-1.jpg 1024w\" sizes=\"(max-width: 300px) 100vw, 300px\" \/><\/p>\n<p>etmenizin en iyi ve kolay yoludur. Her marka ve model Binek ve Ticari ara\u00e7lar\u0131n t\u00fcm bak\u0131m, mekanik onar\u0131m ve ar\u0131za tespitleri, alan\u0131nda e\u011fitimli ve uzman ekibimiz taraf\u0131ndan g\u00fcn\u00fcm\u00fcz\u00fcn modern, teknolojik cihaz ve ekipmanlar\u0131 ile yap\u0131l\u0131r. B\u00f6ylece sizlere kalite, uzmanl\u0131k ve fiyat anlam\u0131nda optimum \u00e7\u00f6z\u00fcmler sunuyoruz. Motor ya\u011f seviyesi, lastik a\u015f\u0131nmalar\u0131, silecekler ve farlar\u0131n\u0131z her servis ziyaretinizde kontrol edilir.<\/p>\n<h3 style=\"text-align: center;\"><strong>Hasar<\/strong><\/h3>\n<p>&nbsp;<\/p>\n<p>Enerjik, g\u00fcler y\u00fczl\u00fc, uzman kadrosu ile t\u00fcm sigorta konular\u0131nda m\u00fc\u015fterilerinin isteklerini \u00f6n plana \u00e7\u0131kartarak hizmet vermekteyiz. Amac\u0131m\u0131z arac\u0131n\u0131za daha fazla de\u011fer katmakt\u0131r.<\/p>\n<p><img loading=\"lazy\" decoding=\"async\" class=\"size-medium wp-image-325 alignright\" src=\"https:\/\/www.durmusotomotiv.net\/wp-content\/uploads\/2019\/02\/Hasar-300x190.jpg\" alt=\"\" width=\"300\" height=\"190\" srcset=\"https:\/\/www.durmusotomotiv.net\/wp-content\/uploads\/2019\/02\/Hasar-300x190.jpg 300w, https:\/\/www.durmusotomotiv.net\/wp-content\/uploads\/2019\/02\/Hasar-768x488.jpg 768w, https:\/\/www.durmusotomotiv.net\/wp-content\/uploads\/2019\/02\/Hasar.jpg 1024w\" sizes=\"(max-width: 300px) 100vw, 300px\" \/><\/p>\n<p><strong>Kaporta<\/strong> Her marka ve model hasarl\u0131 binek ve ticari ara\u00e7lar\u0131n kaporta, \u015fasi aksamlar\u0131 fabrikasyon \u00e7\u0131k\u0131\u015f standartlar\u0131 do\u011frultusunda alan\u0131nda e\u011fitimli ve uzman ekibimiz taraf\u0131ndan g\u00fcn\u00fcm\u00fcz\u00fcn modern, teknolojik cihaz ve ekipmanlar\u0131 ile yap\u0131l\u0131r.<\/p>\n<p><strong>Boya <\/strong> Binek ve Ticari ara\u00e7lar\u0131n; kazalar, s\u00fcrt\u00fcnmeler ve \u00e7izikler sonucu olu\u015fan t\u00fcrl\u00fc hasarlar\u0131n\u0131 uzman ekibimiz taraf\u0131ndan en kaliteli boya, orijinal rengi yaratabilen bilgisayarl\u0131 boya mikser makinam\u0131z ve boya f\u0131r\u0131n\u0131m\u0131z ile ilk g\u00fcnk\u00fc haline kavu\u015fturulur.<\/p>\n<h3 style=\"text-align: center;\"><strong>Aksesuar<\/strong><\/h3>\n<p>Arac\u0131n\u0131za Uygun Her \u00c7e\u015fit Ara\u00e7 \u0130\u00e7i &#8211; Ara\u00e7 D\u0131\u015f\u0131 Aksesuarlar\u0131n\u0131n Sat\u0131\u015f Ve Montaj\u0131n\u0131 Ger\u00e7ekle\u015ftiriyoruz. T\u00fcm \u00fcr\u00fcnlerimiz ithalat\u00e7\u0131 garantili ve y\u00fcksek kalite \u00fcr\u00fcn gam\u0131ndan kullan\u0131lmaktad\u0131r.<\/p>\n<p><img loading=\"lazy\" decoding=\"async\" class=\"size-medium wp-image-326 alignright\" src=\"https:\/\/www.durmusotomotiv.net\/wp-content\/uploads\/2019\/02\/Aksesuar-300x190.jpg\" alt=\"\" width=\"300\" height=\"190\" srcset=\"https:\/\/www.durmusotomotiv.net\/wp-content\/uploads\/2019\/02\/Aksesuar-300x190.jpg 300w, https:\/\/www.durmusotomotiv.net\/wp-content\/uploads\/2019\/02\/Aksesuar-768x488.jpg 768w, https:\/\/www.durmusotomotiv.net\/wp-content\/uploads\/2019\/02\/Aksesuar.jpg 1024w\" sizes=\"(max-width: 300px) 100vw, 300px\" \/><\/p>\n<p><strong>\u00dcr\u00fcnlerimizden Baz\u0131lar\u0131;<\/strong> \u2022 Multimedya Sistemleri \u2022 Cam Filmi \u2022 Body Kit \u00dcr\u00fcnleri \u2022 Park Sens\u00f6rleri \u2022 Xenon Far kitleri \u2022 Ara\u00e7 i\u00e7i ve d\u0131\u015f bak\u0131m \u00fcr\u00fcnleri \u2022 Kau\u00e7uk ve Hal\u0131 Paspas<\/p>\n<p>&nbsp;<\/p>\n<p><strong>Elektrik<\/strong><\/p>\n<p>En modern ar\u0131za tespit cihazlar\u0131 ve onar\u0131m teknikleri ile Ticari ve Binek ara\u00e7lar\u0131n klima, elektrik, elektronik sistemde olu\u015fabilen ar\u0131zalar\u0131n tespiti, bak\u0131m ve onar\u0131mlar\u0131 uzman ekibimiz taraf\u0131ndan yap\u0131lmaktad\u0131r.<\/p>\n<p><img loading=\"lazy\" decoding=\"async\" class=\"size-medium wp-image-327 alignright\" src=\"https:\/\/www.durmusotomotiv.net\/wp-content\/uploads\/2019\/02\/Elektrik-300x190.jpg\" alt=\"\" width=\"300\" height=\"190\" srcset=\"https:\/\/www.durmusotomotiv.net\/wp-content\/uploads\/2019\/02\/Elektrik-300x190.jpg 300w, https:\/\/www.durmusotomotiv.net\/wp-content\/uploads\/2019\/02\/Elektrik-768x488.jpg 768w, https:\/\/www.durmusotomotiv.net\/wp-content\/uploads\/2019\/02\/Elektrik.jpg 1024w\" sizes=\"(max-width: 300px) 100vw, 300px\" \/><\/p>\n<p>&nbsp;<\/p>\n<p>&nbsp;<\/p>\n<p><strong>\u00dccretsiz Check-up<\/strong><\/p>\n<p>Ara\u00e7lar\u0131n\u0131z i\u00e7in \u00fccretsiz checkup yap\u0131p an\u0131nda gerekli hizmet ve deste\u011fi sunuyoruz.<\/p>\n<p><img loading=\"lazy\" decoding=\"async\" class=\"size-medium wp-image-328 alignright\" src=\"https:\/\/www.durmusotomotiv.net\/wp-content\/uploads\/2019\/02\/Checkup-300x190.jpg\" alt=\"\" width=\"300\" height=\"190\" srcset=\"https:\/\/www.durmusotomotiv.net\/wp-content\/uploads\/2019\/02\/Checkup-300x190.jpg 300w, https:\/\/www.durmusotomotiv.net\/wp-content\/uploads\/2019\/02\/Checkup-768x488.jpg 768w, https:\/\/www.durmusotomotiv.net\/wp-content\/uploads\/2019\/02\/Checkup.jpg 1024w\" sizes=\"(max-width: 300px) 100vw, 300px\" \/>[\/vc_column_text][\/vc_column][\/vc_row][vc_row][vc_column]\r\n   \r\n\r\n\r\n\r\n\r\n[\/vc_column][\/vc_row][vc_row][vc_column][\/vc_column][\/vc_row]<\/p>\n","protected":false},"excerpt":{"rendered":"<p>[vc_row][vc_column][vc_column_text] Bak\u0131m \/ Onar\u0131m Her ara\u00e7 kullan\u0131m s\u00fcresi boyunca d\u00fczenli bak\u0131ma ihtiya\u00e7 duyar. D\u00fczenli bak\u0131m yapt\u0131rmak motorunuzun sorunsuz \u00e7al\u0131\u015fmas\u0131 ve yola keyifle devam etmenizin en iyi ve kolay yoludur. Her marka ve model Binek ve Ticari ara\u00e7lar\u0131n t\u00fcm bak\u0131m, mekanik onar\u0131m ve ar\u0131za tespitleri, alan\u0131nda e\u011fitimli ve uzman ekibimiz taraf\u0131ndan g\u00fcn\u00fcm\u00fcz\u00fcn modern, teknolojik cihaz ve<\/p>\n","protected":false},"author":1,"featured_media":0,"parent":0,"menu_order":0,"comment_status":"closed","ping_status":"closed","template":"","meta":{"footnotes":""},"class_list":["post-32","page","type-page","status-publish","hentry"],"_links":{"self":[{"href":"https:\/\/www.durmusotomotiv.net\/index.php\/wp-json\/wp\/v2\/pages\/32"}],"collection":[{"href":"https:\/\/www.durmusotomotiv.net\/index.php\/wp-json\/wp\/v2\/pages"}],"about":[{"href":"https:\/\/www.durmusotomotiv.net\/index.php\/wp-json\/wp\/v2\/types\/page"}],"author":[{"embeddable":true,"href":"https:\/\/www.durmusotomotiv.net\/index.php\/wp-json\/wp\/v2\/users\/1"}],"replies":[{"embeddable":true,"href":"https:\/\/www.durmusotomotiv.net\/index.php\/wp-json\/wp\/v2\/comments?post=32"}],"version-history":[{"count":9,"href":"https:\/\/www.durmusotomotiv.net\/index.php\/wp-json\/wp\/v2\/pages\/32\/revisions"}],"predecessor-version":[{"id":337,"href":"https:\/\/www.durmusotomotiv.net\/index.php\/wp-json\/wp\/v2\/pages\/32\/revisions\/337"}],"wp:attachment":[{"href":"https:\/\/www.durmusotomotiv.net\/index.php\/wp-json\/wp\/v2\/media?parent=32"}],"curies":[{"name":"wp","href":"https:\/\/api.w.org\/{rel}","templated":true}]}}